 (23 - 20) + 2 + 0?
5
What is the value of 0 - 2 - (60 + -61)?
-1
Evaluate (-5 - (1 - 1)) + 5 + -2.
-2
4 + -3 + 0 - 2 - -1
0
0 + -1 + 131 + -136
-6
(-20 + 24 - (-1 - -3)) + 0
2
What is the value of 1 + -2 + 2 + -3?
-2
Evaluate -6 + 1 + 2 + -1 + 2.
-2
Evaluate 4 - (10 + 4 + -7 + -4).
1
(-10 - -7) + (-4 - 0 - -4)
-3
What is the value of 0 + (3 - (-2 + (0 - -2)))?
3
Calculate 0 + -3 + 5 + -2 - 2.
-2
What is the value of (-16 - -13) + (-2 - -1)?
-4
What is (-4 - -4 - 3) + 2 + 1?
0
Evaluate 3 - (4 + -2) - (-8 - -4).
5
What is the value of -7 + (-4 - (-6 + 1)) + 4?
-2
Evaluate (6 - (0 + 15)) + (-1 - -5).
-5
What is the value of 4 - (-2 - -7) - -3?
2
Evaluate (1 + -8 - 2) + 5 - 4.
-8
What is the value of -2 - (18 - 9) - -9?
-2
What is (7 + -3 - 0) + -3 + 1?
2
Evaluate (10 - (8 - 6)) + -6.
2
What is (-6 - -2) + 9 + 0?
5
What is the value of -16 + 19 + -7 + 10?
6
What is (-8 + 15 - 2) + -7?
-2
What is the value of 7 + (7 - (21 + -3))?
-4
What is -2 + -7 + 7 + -6?
-8
Calculate -13 + 17 - (0 + 6).
-2
Evaluate -5 - -2 - (4 - (1 - -8)).
2
What is the value of 0 + -3 + 3 - -2?
2
What is 2 - 1 - -2 - 0?
3
What is (-7 - 0) + (-18 - -23)?
-2
Evaluate -11 - -2 - (-5 - 1).
-3
What is -9 + (-4 - -6) + 0?
-7
Calculate -4 - (0 + 2 + -4).
-2
(-3 - -3) + -11 + 7
-4
Calculate 0 - (-4 - (3 + -5)) - -2.
4
-4 - (-6 - (-1 + 0))
1
Calculate (6 - (2 - 0)) + -1 + 0.
3
What is 4 - (2 + (-3 - -2))?
3
What is the value of (-10 + 8 - 0) + 5?
3
Evaluate -2 + -2 - (-11 - -8).
-1
Evaluate (-1 - 0) + 63 + -61.
1
Calculate -9 - -2 - (3 - 4).
-6
What is (-9 - -3) + 3 + 0?
-3
What is the value of -3 + 7 + -6 - 0?
-2
Calculate -2 + 7 + (10 - 19).
-4
What is (3 + -6 - -4) + (2 - -1)?
4
Evaluate 6 + 2 + 14 + -19.
3
What is -6 + 20 + -12 - (-1 - -3)?
0
Evaluate 1 + (-1 + 7 - -1) + -6.
2
Calculate 6 - (6 + -3) - -2.
5
Evaluate -2 + -2 + 4 + 4 - 2.
2
Evaluate (-1 - -1) + (-5 - 0).
-5
What is the value of -1 - (4 + -2 - 1)?
-2
What is the value of (-1 - 0) + (-4 - -2 - -8)?
5
What is -1 - (-11 - -2) - 6 - 3?
-1
Calculate 1 + -3 + 3 - -2.
3
1 - 7 - (4 - (-4 - -9))
-5
What is -4 - (-6 - -7) - 0?
-5
What is 0 + 1 - (-4 - -1 - -1)?
3
5 + 10 + (-11 - 0)
4
What is -2 + 9 + 137 + -137?
7
Calculate -9 + 4 + 7 - (0 + 8).
-6
-7 - (-6 + 2 + 0)
-3
-14 + 12 + (-1 - -3)
0
Evaluate -5 - (15 + -12 + -9).
1
2 + 1 + -2 + -2
-1
Evaluate (1 - 0) + -4 + 0.
-3
(-3 + 2 - 4) + 0
-5
Evaluate 1 + -11 + 2 + (14 - 10).
-4
9 + -5 - (5 - 2 - -2)
-1
What is the value of -1 + 3 + (141 - 135)?
8
Evaluate -7 + -10 + (9 - -10).
2
What is (10 - 4) + (-4 - (5 - 4))?
1
Evaluate 1 + (2 - (-7 - (3 - 8))).
5
285 - 285 - (-1 + 2 - 0)
-1
What is the value of 1 + 4 + 0 + -1 + -3?
1
What is 7 - (2 + 1 + 1)?
3
What is -2 + 1 - 8 - -5?
-4
Calculate 0 + -1 - (-9 + 5 + 2).
1
What is the value of -9 + (-5 + (-1 - 0) - -5)?
-10
52 + -62 - (-9 - 1)
0
Calculate 5 - (-6 + 3 + 13).
-5
What is -1 + (3 + 1 - (-5 + 6))?
2
Calculate -2 + 1 - (-2 - -2).
-1
What is 8 + -2 + -2 + 3 + -1?
6
-1 + 1 + 0 + 5
5
Evaluate 9 - (4 + 0) - 0.
5
Calculate 9 - (14 + -9) - (2 + 0).
2
What is the value of (-5 - -1) + 130 + -123?
3
What is -4 + 12 + -6 - (0 + -3)?
5
Calculate (-1 - 3 - -4) + -4 - -2.
-2
What is the value of 14 + -15 - (2 + 0)?
-3
Calculate (-1 - -6) + (19 - 7 - 15).
2
What is 0 - (-3 + (2 - 1) + -1)?
3
What is the value of 4 - (4 - (-2 - 0))?
-2
What is the value of 4 - (15 - 3) - -5?
-3
-1 + (0 - (3 + -3 - -1))
-2
-34 + 14 + 12 - -4
-4
What is the value of -37 + 47 - (10 - 4)?
4
What is the value of (0 - 1) + (17 - 15)?
1
Calculate 8 - 3 - 11 - 2.
-8
Calculate (8 + -6 - 6) + -2 - 4.
-10
What is 2 + -5 + (6 + -5 - -4)?
2
Calculate 2 + -1 - (-5 + 15 - 5).
-4
Evaluate -3 - (-7 - -2) - 7.
-5
What is the value of (-1 - (1 + 2 + -5)) + 1?
2
What is 3 + (-9 - (-1 + -6))?
1
-12 + 13 + -9 + 11
3
What is 8 - (7 - (3 - 0))?
4
What is 9 - (7 + 4 + -6)?
4
Calculate (8 - 6) + 1 + -8.
-5
What is the value of (16 - 9) + (1 - 9)?
-1
What is the value of (-3 - 2) + (3 - 2) - 3?
-7
Evaluate -25 + 11 + 21 + (-11 - 1).
-5
What is 9 + -7 - (-3 + 0 - -3)?
2
-1 + 11 - (-2 - -8 - 3)
7
What is 0 + 36 + -29 + (-8 - -1)?
0
Evaluate -1 + -4 + (5 - 4 - 1).
-5
Calculate 9 + -5 + -5 + 0.
-1
-2 + 1 - (-26 - (-8 + -10))
7
-8 + (5 - (-6 + (1 - -4)))
-2
(-3 - -2) + 7 + -11 + 3
-2
Calculate 90 + -94 + (-1 - -9).
4
What is the value of -1 - -3 - (4 + -2) - -3?
3
What is the value of -12 + (-3 - -11) - (1 + -2)?
-3
What is 19 + -17 + 5 + (0 - 1)?
6
What is 16 + (-15 + 4 - -3)?
8
What is the value of (0 - 4) + 3 - -2 - 6?
-5
-82 + 70 - (1 - 4)
-9
Calculate (-2 - -1) + 0 - (2 + 0).
-3
1 - -7 - 14 - -4
-2
-1 + 1 - (0 + 5)
-5
Evaluate 0 + 1 + 3 - (-11 - -18).
-3
Calculate 6 - (3 - 0) - -2.
5
7 + (-6 - (-3 + -3 + 3))
4
What is the value of -3 + 1 + (-3 - 0)?
-5
Calculate -12 + 8 - 4 - -12.
4
What is 1 + -3 + (-4 - (-3 - 3))?
0
What is (-1 - -6) + -1 + -3 - -4?
5
Evaluate 14 - (-2 - -15 - 7).
8
Calculate -9 + (4 - (4 + 5 + -9)).
-5
1 - -2 - 0 - 3
0
7 + -1 + 3 - 11
-2
What is 7 + (-3 - 0 - -3) + -4?
3
What is the value of -6 - (-3 + (8 - 9))?
-2
What is (75 - 84) + (1 - -1)?
-7
Evaluate (-7 - -1) + 5 + 6.
5
What is the value of 3 + 0 + (-9 - -12)?
6
1 - 6 - 2 - (-301 + 301)
-7
What is the value of 13 - 2 - 7 - (3 - 2)?
3
-14 - (13 + -5 - 17)
-5
Evaluate 3 - (0 - 1) - 0.
4
What is the value of -1 + -5 + 10 + -1?
3
Calculate 1 + -4 + (6 - (11 - 2)).
-6
What is the value of 4 + (-5 - 0) + 4?
3
What is 2 + 2 - (-2 - (5 + -13))?
-2
What is the value of 10 + -18 + 12 - (4 + 1)?
-1
Calculate 13 + -18 + 1 + 0.
-4
Calculate 0 - (-1 + 4 - (-7 - -13)).
3
Evaluate 1 + (0 + 1 + -1 - 2).
-1
What is 6 + 0 - (-8 - 24 - -28)?
10
Evaluate -8 + (4 - -2) + -4.
-6
What is 0 + -8 - (0 - 3) - -10?
5
What is (8 - (-2 - -6)) + (-4 - 1)?
-1
(5 - 8) + (0 - -8)
5
(-6 - -6) + (4 + -2 - 1)
1
What is the value of -2 + 2 - (4 - (0 - 0))?
-4
Evaluate -7 - (5 - (1 - -4)) - -5.
-2
30 + -29 - (2 + -8 + 3)
4
What is the value of -1 + (3 - (14 + -7))?
-5
-2 + 4 + (-4 - 1)
-3
What is -1 + 2 + 0 - -5 - -1?
7
Evaluate 15 - (9 + 1) - 14.
-9
Evaluate (-1 - -1) + (6 - (0 + 5)).
1
Calculate 41 + -30 - (15 + -1).
-3
What is 2 - 0 - (5 - (-11 - -14))?
0
What is 10 - 9 - (4 + 0)?
-3
-9 + (2 - 2 - -6)
-3
2 + -6 + (0 - 8 - -19)
7
-4 + -7 + (7 - 1)
-5
What is 0 - (4 + -6 + 0) - -2?
4
What is the value of -6 - (5 + 2 + -5) - -3?
-5
What is 1 + 0 + 0 - 0?
1
Evaluate -5 + 27 - 11 - 16.
-5
(3 - (-1 - 1)) + -4
1
Calculate 3 + -6 + 2 + 4 - 6.
-3
What is -1 + 2 + -2 - (0 + 0)?
-1
What is 6 - (1 - -4) - -3?
4
Evaluate 8 + -8 - (5 + -2 + 2).
-5
Calculate -3 - ((-2 - -5) + -4 + -3).
1
What is 8 - (1 + -1 - (-5 - -2))?
5
Calculate 1 + -6 - (-7 + -3 + 14).
-9
(-2 - -2) + 4 + 1 + -7
-2
Evaluate (-138 - -131) + (2 - 0).
-5
Calculate -6 - (7 + -14) - (-1 - 2).
4
What is the value of -1 - (0 + 0) - (-10 + 3)?
6
What is 1 + 8 - ((2 - -3) + 0)?
4
Calculate (1 - -4 - 5) + 4.
4
What is 5 + -7 + 9 + -1?
6
Calculate -10 + 7 + 2 - (-6 - -1).
4
What is the value of 0 + 2 + -2 + (-7 - -3)?
-4
Evaluate (-2 - -3) + 5 + (15 - 22).
-1
Evaluate -9 - -8 - (-11 + -1 + 3).
8
What is 2 - (-3 + (3 - -3) + -1)?
0
What is the value of -1 + 1 - (-15 + 17)?
-2
(7 - 8 - 5 - -4) + 0
-2
Evaluate 36 + -37 + -5 + 0.
-6
Calculate 2 + (4 - 5) + 1 + -3.
-1
What is -7 - (1 - -1 - 4) - 0?
-5
Calculate 2 + 4 + (-2 - (-11 + 9)).
6
Evaluate -10 - (3 + -24) - 12.
-1
14 + -13 - (-4 - -5 - 4)
4
What is the value of 0 + (-8 - -10) + -1?
1
What is the value of (0 - (21 - 7)) + 11 + -3?
-6
Evaluate 1 + (1 + -1 - 2) + 1.
0
What is -3 - (6 + -5 - (8 + 0))?
4
-3 + (0 - -1) - -3
1
Calculate 4 - (-1 - -3) - 2.
0
-4 - (1 + (3 - 3))
-5
What is 1 - (3 + -1 + -4 + 4)?
-1
Calculate (2 - 7) + 6 + -3 - -4.
2
Calculate (-11 - -1) + 19 + -7 + 1.
3
Calculate -11 - 4 - (-10 + -13).
8
-7 - ((-9 - -7) + -1)
-4
Calculate -6 + (-1 - (-4 - 2)).
-1
Calculate -3 + (-4 - 2) + 15.
6
Evaluate -9 - (12 + -45 + 13).
11
Evaluate -9 + 1 + 5 + 4 + 0.
1
Calculate (-18 - -6) + 6 + 2.
-4
15 - 5 - (-7 + 17)
0
(1 - (-1 - -1)) + 3 + 4
8
What is the value of 1 + -8 + 3 + 0 + 2?
-2
What is 3 - (1 - (-2 - (3 + 0)))?
-3
10 - (0 - (-11 - -2))
1
Evaluate 12 - 14 - (1 + -7).
4
(1 - (0 - 0)) + -2 + -1
-2
Calculate -14 + 10 + -1 + 1 + 0.
-4
What is the value of -21 + -9 - -13 - -12?
-5
Calculate 5 + -8 - (-7 + -1 - 3).
8
Calculate -3 + -2 - (3